-- https://www.phpmyadmin.net/
--
-- Servidor: 127.0.0.1
-- Tiempo de generación: 03-09-2025 a las 18:13:44
-- Versión del servidor: 10.4.32-MariaDB
-- Versión de PHP: 8.2.12

START TRANSACTION;



--
-- Base de datos: `jvm`
--

-- --------------------------------------------------------

--
-- Estructura de tabla para la tabla `diciplinas`
--

CREATE TABLE `diciplinas` (
  `IDDiciplina` int(11) NOT NULL,
  `Diciplina` tinytext NOT NULL
) ENGINE=InnoDB DEFAULT CHARSET=utf8mb4 COLLATE=utf8mb4_general_ci;

--
-- Volcado de datos para la tabla `diciplinas`
--

INSERT INTO `diciplinas` (`IDDiciplina`, `Diciplina`) VALUES
(1, 'FUTSAL'),
(2, 'VOLEIBOL'),
(3, 'BALONCESTO'),
(4, 'DOMINO');

-- --------------------------------------------------------

--
-- Estructura de tabla para la tabla `divisiones`
--

CREATE TABLE `divisiones` (
  `IDDivision` int(11) NOT NULL,
  `NombreDiv` tinytext NOT NULL
) ENGINE=InnoDB DEFAULT CHARSET=utf8mb4 COLLATE=utf8mb4_general_ci;

--
-- Volcado de datos para la tabla `divisiones`
--

INSERT INTO `divisiones` (`IDDivision`, `NombreDiv`) VALUES
(1, 'U7'),
(2, 'U9'),
(3, 'U11'),
(4, 'U13'),
(5, 'U15'),
(6, 'U17'),
(7, 'JUVENIL'),
(8, 'TERCERA DIVISION'),
(9, 'SEGUNDA DIVISION'),
(10, 'PRIMERA DIVISION');

-- --------------------------------------------------------

--
-- Estructura de tabla para la tabla `equipos`
--

CREATE TABLE `equipos` (
  `IDEquipo` int(11) NOT NULL,
  `IDDiciplina` int(11) NOT NULL,
  `IDCategoria` int(11) NOT NULL,
  `Tipo` varchar(1) NOT NULL,
  `Equipo` tinytext NOT NULL
) ENGINE=InnoDB DEFAULT CHARSET=utf8mb4 COLLATE=utf8mb4_general_ci;

--
-- Volcado de datos para la tabla `equipos`
--

INSERT INTO `equipos` (`IDEquipo`, `IDDiciplina`, `IDCategoria`, `Tipo`, `Equipo`) VALUES
(1, 2, 1, 'M', 'troyanos'),
(2, 2, 1, 'M', 'TROYANOS 2'),
(3, 2, 1, 'M', 'rookies 1'),
(4, 2, 1, 'M', 'doña eloa');

-- --------------------------------------------------------

--
-- Estructura de tabla para la tabla `estadisticasjugadores`
--

CREATE TABLE `estadisticasjugadores` (
  `IDEstadistica` int(11) NOT NULL,
  `IDJornada` int(11) NOT NULL,
  `IDJugador` int(11) NOT NULL,
  `TA` int(11) NOT NULL,
  `TR` int(11) NOT NULL,
  `Goles` int(11) NOT NULL,
  `Estado` int(11) NOT NULL
) ENGINE=InnoDB DEFAULT CHARSET=utf8mb4 COLLATE=utf8mb4_general_ci;

--
-- Volcado de datos para la tabla `estadisticasjugadores`
--

INSERT INTO `estadisticasjugadores` (`IDEstadistica`, `IDJornada`, `IDJugador`, `TA`, `TR`, `Goles`, `Estado`) VALUES
(1, 1, 1, 0, 0, 1, 0),
(2, 1, 2, 0, 0, 2, 0);

-- --------------------------------------------------------

--
-- Estructura de tabla para la tabla `jornadas`
--

CREATE TABLE `jornadas` (
  `IDRegistro` int(11) NOT NULL,
  `Fecha` date NOT NULL,
  `EquipoUno` int(11) NOT NULL,
  `ResultadoUno` int(11) DEFAULT NULL,
  `EquipoDos` int(11) NOT NULL,
  `ResultadoDos` int(11) DEFAULT NULL
) ENGINE=InnoDB DEFAULT CHARSET=utf8mb4 COLLATE=utf8mb4_general_ci;

--
-- Volcado de datos para la tabla `jornadas`
--

INSERT INTO `jornadas` (`IDRegistro`, `Fecha`, `EquipoUno`, `ResultadoUno`, `EquipoDos`, `ResultadoDos`) VALUES
(1, '2025-08-09', 1, 4, 2, 6),
(2, '2025-08-10', 2, 0, 2, 0),
(3, '2025-08-11', 2, 2, 1, 1);

-- --------------------------------------------------------

--
-- Estructura de tabla para la tabla `planillas`
--

CREATE TABLE `planillas` (
  `IDRegistro` int(11) NOT NULL,
  `IDEquipo` int(11) NOT NULL,
  `NombreApellido` tinytext NOT NULL,
  `TA` int(11) NOT NULL,
  `TR` int(11) NOT NULL,
  `G` int(11) NOT NULL
) ENGINE=InnoDB DEFAULT CHARSET=utf8mb4 COLLATE=utf8mb4_general_ci;

--
-- Volcado de datos para la tabla `planillas`
--

INSERT INTO `planillas` (`IDRegistro`, `IDEquipo`, `NombreApellido`, `TA`, `TR`, `G`) VALUES
(1, 1, 'LOS TROYANOS', 0, 0, 1),
(2, 1, 'LOS TROYANOS', 0, 0, 0),
(3, 1, 'LOS TROYANOS', 0, 0, 0),
(4, 1, 'LOS TROYANOS', 0, 0, 0),
(5, 2, 'LOS TROYANOS', 0, 0, 2),
(6, 2, 'LOS TROYANOS', 0, 0, 0),
(7, 2, 'LOS TROYANOS', 0, 0, 0);

-- --------------------------------------------------------

--
-- Estructura de tabla para la tabla `posiciones`
--

CREATE TABLE `posiciones` (
  `IDRegistroTablas` int(11) NOT NULL,
  `IDDiciplina` int(11) NOT NULL,
  `IDDivision` int(11) NOT NULL,
  `Categoria` varchar(11) NOT NULL,
  `IDEquipo` int(11) NOT NULL,
  `Grupo` varchar(1) NOT NULL,
  `J` int(11) NOT NULL,
  `G` int(11) NOT NULL,
  `E` int(11) NOT NULL,
  `P` int(11) NOT NULL,
  `Favor` int(11) NOT NULL,
  `Contra` int(11) NOT NULL,
  `Puntos` int(11) NOT NULL
) ENGINE=InnoDB DEFAULT CHARSET=utf8mb4 COLLATE=utf8mb4_general_ci;

--
-- Volcado de datos para la tabla `posiciones`
--

INSERT INTO `posiciones` (`IDRegistroTablas`, `IDDiciplina`, `IDDivision`, `Categoria`, `IDEquipo`, `Grupo`, `J`, `G`, `E`, `P`, `Favor`, `Contra`, `Puntos`) VALUES
(1, 1, 1, 'M', 2, 'A', 1, 1, 0, 0, 2, 1, 3),
(2, 1, 1, 'M', 1, 'A', 1, 0, 0, 1, 1, 2, 0),
(3, 1, 1, 'M', 2, 'A', 1, 1, 0, 0, 2, 1, 3),
(4, 1, 1, 'M', 1, 'A', 1, 0, 0, 1, 1, 2, 0),
(5, 1, 1, 'M', 2, 'B', 1, 1, 0, 0, 2, 1, 3),
(6, 1, 1, 'M', 1, 'B', 1, 0, 0, 1, 1, 2, 0),
(7, 1, 1, 'M', 2, 'B', 1, 1, 0, 0, 2, 1, 3),
(8, 1, 1, 'M', 1, 'B', 1, 0, 0, 1, 1, 2, 0),
(9, 3, 4, 'M', 4, 'A', 1, 1, 0, 0, 2, 1, 3),
(10, 3, 4, 'M', 3, 'A', 1, 0, 0, 1, 1, 2, 0),
(11, 3, 4, 'M', 4, 'A', 1, 1, 0, 0, 2, 1, 3),
(12, 3, 4, 'M', 3, 'A', 1, 0, 0, 1, 1, 2, 0),
(13, 3, 4, 'M', 4, 'B', 1, 1, 0, 0, 2, 1, 3),
(14, 3, 4, 'M', 3, 'B', 1, 0, 0, 1, 1, 2, 0),
(15, 3, 4, 'M', 4, 'B', 1, 1, 0, 0, 2, 1, 3),
(16, 3, 4, 'M', 3, 'B', 1, 0, 0, 1, 1, 2, 0);

-- --------------------------------------------------------

--
-- Estructura de tabla para la tabla `usuarios_privilegios`
--

CREATE TABLE `usuarios_privilegios` (
  `IDPrivilegio` int(11) NOT NULL,
  `DescripcionPrivilegio` tinytext NOT NULL,
  `EstadoPrivilegio` int(11) NOT NULL
) ENGINE=InnoDB DEFAULT CHARSET=utf8mb4 COLLATE=utf8mb4_general_ci;

--
-- Volcado de datos para la tabla `usuarios_privilegios`
--

INSERT INTO `usuarios_privilegios` (`IDPrivilegio`, `DescripcionPrivilegio`, `EstadoPrivilegio`) VALUES
(1, 'GENERAL', 1);

--
-- Índices para tablas volcadas
--

--
-- Indices de la tabla `diciplinas`
--
ALTER TABLE `diciplinas`
  ADD PRIMARY KEY (`IDDiciplina`);

--
-- Indices de la tabla `divisiones`
--
ALTER TABLE `divisiones`
  ADD PRIMARY KEY (`IDDivision`);

--
-- Indices de la tabla `equipos`
--
ALTER TABLE `equipos`
  ADD PRIMARY KEY (`IDEquipo`);

--
-- Indices de la tabla `estadisticasjugadores`
--
ALTER TABLE `estadisticasjugadores`
  ADD PRIMARY KEY (`IDEstadistica`);

--
-- Indices de la tabla `jornadas`
--
ALTER TABLE `jornadas`
  ADD PRIMARY KEY (`IDRegistro`);

--
-- Indices de la tabla `planillas`
--
ALTER TABLE `planillas`
  ADD PRIMARY KEY (`IDRegistro`);

--
-- Indices de la tabla `posiciones`
--
ALTER TABLE `posiciones`
  ADD PRIMARY KEY (`IDRegistroTablas`);

--
-- Indices de la tabla `usuarios_privilegios`
--
ALTER TABLE `usuarios_privilegios`
  ADD PRIMARY KEY (`IDPrivilegio`);

--
-- AUTO_INCREMENT de las tablas volcadas
--

--
-- AUTO_INCREMENT de la tabla `diciplinas`
--
ALTER TABLE `diciplinas`
  MODIFY `IDDiciplina` int(11) NOT NULL AUTO_INCREMENT, AUTO_INCREMENT=5;

--
-- AUTO_INCREMENT de la tabla `divisiones`
--
ALTER TABLE `divisiones`
  MODIFY `IDDivision` int(11) NOT NULL AUTO_INCREMENT, AUTO_INCREMENT=11;

--
-- AUTO_INCREMENT de la tabla `equipos`
--
ALTER TABLE `equipos`
  MODIFY `IDEquipo` int(11) NOT NULL AUTO_INCREMENT, AUTO_INCREMENT=5;

--
-- AUTO_INCREMENT de la tabla `estadisticasjugadores`
--
ALTER TABLE `estadisticasjugadores`
  MODIFY `IDEstadistica` int(11) NOT NULL AUTO_INCREMENT, AUTO_INCREMENT=3;

--
-- AUTO_INCREMENT de la tabla `jornadas`
--
ALTER TABLE `jornadas`
  MODIFY `IDRegistro` int(11) NOT NULL AUTO_INCREMENT, AUTO_INCREMENT=4;

--
-- AUTO_INCREMENT de la tabla `planillas`
--
ALTER TABLE `planillas`
  MODIFY `IDRegistro` int(11) NOT NULL AUTO_INCREMENT, AUTO_INCREMENT=8;

--
-- AUTO_INCREMENT de la tabla `posiciones`
--
ALTER TABLE `posiciones`
  MODIFY `IDRegistroTablas` int(11) NOT NULL AUTO_INCREMENT, AUTO_INCREMENT=17;

--
-- AUTO_INCREMENT de la tabla `usuarios_privilegios`
--
ALTER TABLE `usuarios_privilegios`
  MODIFY `IDPrivilegio` int(11) NOT NULL AUTO_INCREMENT, AUTO_INCREMENT=2;
COMMIT;

